ose 3*y + 2*v = 16, 17 = 2*y - 0*y - 5*v. Suppose 139 = 7*n - y*n. List the prime factors of n.
139
Suppose -1225 = -4*m - 3*m. Suppose -5*r - 5*t + m = -0*r, -65 = -2*r - 3*t. What are the prime factors of r?
2, 5
What are the prime factors of (0 - 2 - -6) + 2 + -4?
2
Let h(s) = s**3 + 9*s**2 + 8*s + 4. Let z be h(-7). Let y = z - -8. List the prime factors of y.
2, 3
Suppose 0 = 9*n + 5 - 23. Suppose n*c - 208 = 374. List the prime factors of c.
3, 97
Suppose 2023 = -29*i + 15537. What are the prime factors of i?
2, 233
Suppose 10583 = 5*m + 143. Suppose -7*j + 15*j = m. What are the prime factors of j?
3, 29
Let n be 3 - 0 - (1 + -35). Let y be (-1 + -2)/(1/5). Let a = n + y. What are the prime factors of a?
2, 11
Let n(f) = -6*f - 1. Let a be n(-1). Suppose -a*k = -2*k. Suppose 2*x - 126 = -5*d, 2*x + k*d - d - 138 = 0. List the prime factors of x.
2, 17
Let g be 2*(-3 + (-7)/(-1)). Let k = 18 - g. Let c = 22 - k. List the prime factors of c.
2, 3
Let u(x) = -7 + 3*x**2 + 13 - 4*x**2 - 5 + 11*x. Let t be u(11). List the prime factors of ((-4)/2 + t)*-2.
2
Let h = 108 + -8. Let q = h - -36. What are the prime factors of q?
2, 17
Let b be (-1 - 3/(-9))/((-2)/(-573)). Let t = 324 + b. What are the prime factors of t?
7, 19
Let l = 44 + 10. Let a be l/(-45)*10/(-4). Suppose -2*z - 5*p + 3 = -10, -48 = -5*z + a*p. List the prime factors of z.
3
Let x be (6 + -5 - -456) + 4. Let p = -276 + x. What are the prime factors of p?
5, 37
Let p(s) = -3*s**2 - 19*s - 12. Let m(a) = a**3 - 6*a**2 + 2*a + 10. Let v be m(5). List the prime factors of p(v).
2
Let y(p) = 3*p**2 + 4*p - 2. Let z be (12/(-8))/((-2)/20). Suppose 5*r - 10 = -3*s, -4*s + 2*s + r = z. What are the prime factors of y(s)?
53
Let z = -2 + 6. Suppose -3*n - 4*f = 55 - 506, n = -z*f + 161. What are the prime factors of n?
5, 29
Suppose -14*b - 2401 = -18627. What are the prime factors of b?
19, 61
Let a = 485 + 400. What are the prime factors of a?
3, 5, 59
What are the prime factors of (-3)/(30/3688)*(-215)/86?
2, 461
Let d = -7 - 1. List the prime factors of (-5 - -1)*38/d.
19
Let w(s) = s**3 - 13*s**2 + 27*s - 39. List the prime factors of w(18).
3, 13, 53
Let o be (5 + -2)*9/6*-12. Let s = o + 74. What are the prime factors of s?
2, 5
What are the prime factors of ((-8)/24)/(6/(-4086) + 0)?
227
Let s be (-4 - (-2)/1) + -482. Let w = -202 - s. What are the prime factors of w?
2, 3, 47
Let i be (-7)/((-1)/(-2 + 1)). Let u = 11 + i. Let m = 4 + u. What are the prime factors of m?
2
Suppose -7*d + 163 = 37. Suppose 60 = 4*h + 2*n, -h + 4*n - d = -3*h. List the prime factors of h.
17
Let k = 31 + -55. List the prime factors of 4*-3*118/k.
59
Let q be 12/21 - 24/(-7). Suppose q*m = -3*i + 121, -4 = 3*m - 7*m. Let z = 75 - i. What are the prime factors of z?
2, 3
Let a(s) = -49*s + 3. Let j be a(-3). Suppose -k + j = k. List the prime factors of k.
3, 5
Suppose -4*t = 2*i - 24, -4*t - 4 = -5*i - 0. Suppose 1 = t*n - 63. Let y = 28 - n. What are the prime factors of y?
2, 3
Suppose 2*b + 3*g - 466 = -61, 2*b + 2*g - 406 = 0. List the prime factors of b.
2, 3, 17
Let y(m) = -m**2. Let z(i) = i**2 + 17*i - 8. Let x(n) = -6*y(n) - z(n). List the prime factors of x(9).
2, 5, 13
Let k = 1664 + -485. List the prime factors of k.
3, 131
Suppose 10*v + 0*v - 13460 = 0. What are the prime factors of v?
2, 673
Let w = 298 + -145. Suppose 3*y - 162 = -3*o + w, -3*y + 311 = o. List the prime factors of y.
103
Suppose -4*s + 160 = -0*s. Suppose 15 = -q + s. Suppose -136 + q = -3*l. What are the prime factors of l?
37
Let s(v) = -42 + 8*v + 19*v**2 + 4*v - 27*v**3 + 28*v**3. What are the prime factors of s(-18)?
2, 3, 11
Let h(z) = 4*z - 20 + 12*z**3 + 19*z - 11*z**3 - 13*z + 14*z**2. What are the prime factors of h(-11)?
233
Suppose 0 = 3*s - 7 + 4. Let d = s - -64. What are the prime factors of d?
5, 13
What are the prime factors of 9/(-6)*(1 - 17)?
2, 3
Let d(a) = a**2 + a + 227. What are the prime factors of d(-31)?
13, 89
Let j = 26 - 1. Suppose -v - 16 = 4*r + j, 3*r = -3*v - 33. Let x = r + 39. List the prime factors of x.
29
Let q(r) = -68*r + 131. What are the prime factors of q(-9)?
743
Let h = -158 + 113. Suppose 4*s = 3 + 17, s = -4*b - 99. Let n = b - h. What are the prime factors of n?
19
List the prime factors of 791 + 1/(5 + (-84)/16).
787
Suppose 4*q + 5*i - 18939 = 0, 3*q - 6*i - 14243 = -2*i. List the prime factors of q.
11, 431
Let w be (-3 - (-52)/8) + 2/4. Suppose -w*o - 53 = -5*o. What are the prime factors of o?
53
Let a be (-3)/(-2 + -1) - -2. Suppose q - 14 = -c + a*q, -3*q = -15. Let y = c - 9. What are the prime factors of y?
3, 5
Suppose -2*p = -b + 267 - 25, -4*p = -b + 232. Let t = 415 - b. What are the prime factors of t?
163
Let g(k) = 4*k**3 - 6*k**2 - 12*k - 20. What are the prime factors of g(6)?
2, 139
Suppose -37*m = 5808 - 47100. List the prime factors of m.
2, 3, 31
List the prime factors of 8/(-48)*-9*(-1 + 289).
2, 3
Let d(y) = y**3 + 12*y**2 - 8*y + 8. Let j be d(-12). Let z = 169 - j. List the prime factors of z.
5, 13
Let z(g) = -2 - 3*g + 0*g**3 - 3 + 6 - 3*g**2 + g**3. What are the prime factors of z(5)?
2, 3
Suppose 0 = -2*n + 5*s + 54, n = -2*n + 3*s + 99. Suppose 27*j - n = 26*j. What are the prime factors of j?
37
Let d = 4 - -8. Suppose -q + d = 3*q. Suppose 2*f + 35 = q*f. What are the prime factors of f?
5, 7
Let y be -2 + -3*(-4)/6. Suppose -z - 2*z + 57 = y. Suppose -z + 125 = 2*i. What are the prime factors of i?
53
Let n(h) = 54*h**3 - h**2 + 2*h - 1. Let y be n(1). What are the prime factors of y - ((2 - 4) + -1)?
3, 19
Suppose 4*d = a - 67 - 57, 0 = -a - d + 114. List the prime factors of a.
2, 29
Suppose 4*w = 3*f - 5, -4*w + 4*f + 0*f = 0. Let g be 16/(-2) - (w - -3). Let t = -2 - g. List the prime factors of t.
2
What are the prime factors of 5456/6 - 2/9*6?
2, 227
Suppose -10*d + 822 = -5208. List the prime factors of d.
3, 67
Let m(p) = -p**2 - 9 - 3*p - 10 + 5. Let g be m(-10). List the prime factors of (-2832)/g + (-2)/(-7).
2, 17
Let r = 2428 + -1483. List the prime factors of r.
3, 5, 7
Suppose -25*n = -116*n + 425061. List the prime factors of n.
3, 173
Suppose -1216 - 2096 = -3*k. What are the prime factors of k?
2, 3, 23
Suppose l + 3*u + 9 = -0*l, -5*u - 20 = 0. Suppose 0 = 4*k + 2*x - 302, l*k + k - 4*x - 308 = 0. List the prime factors of k.
2, 19
Let z = 1823 + -216. What are the prime factors of z?
1607
Suppose 0 = -4*i - i + 1015. Let d = i + -108. What are the prime factors of d?
5, 19
Let l(i) = 2*i**3 + 5*i**2 - 89*i + 10. List the prime factors of l(9).
2, 67
Let q(b) = 2*b**3 + 19*b**2 - 1 - 19*b**2 - 2*b. Let j be q(-1). What are the prime factors of (-14)/(1/(j/2))?
7
Let l be (-3 - (-201)/39) + 6/(-39). Suppose -3*y + 653 = h, -l*y + 4*y + 5*h - 431 = 0. List the prime factors of y.
2, 109
Let j(m) be the second derivative of m**7/2520 - m**6/720 - m**4/4 - 3*m. Let t(q) be the third derivative of j(q). List the prime factors of t(-2).
2, 3
Let m = -113 - -31. Let q = -42 - m. List the prime factors of q.
2, 5
Let i be 9 - 1*(-1 - -1). Suppose 201 = 5*d - i. What are the prime factors of d?
2, 3, 7
Let h be ((-20)/15)/(2/3). Let o(d) = 3*d**2 + 11*d + 15. Let t(a) = 6*a**2 + 23*a + 31. Let w(s) = h*t(s) + 5*o(s). List the prime factors of w(-6).
67
Let q(a) = 5*a**3 - 2*a**2 - 2*a - 1. Let k be q(-1). What are the prime factors of (9/k)/(2/(-64))?
2, 3
List the prime factors of 3 - -1 - 9/((-72)/7312).
2, 3, 17
Let a(q) = 221*q**2 - 10*q - 2. What are the prime factors of a(-2)?
2, 11, 41
Let l = 2574 + -1355. What are the prime factors of l?
23, 53
Let t be 14/(-77) + (-3907)/(-11). Suppose 3*j - 4*d - 529 = 0, -4*d = -5*j + t + 540. List the prime factors of j.
3, 61
Let q(p) = -39*p - 4. Let r(k) = -312*k - 33. Let h(d) = -33*q(d) + 4*r(d). Let l be h(1). Let x = 73 - l. What are the prime factors of x?
2, 17
List the prime factors of -3 + 22/6 + (-844)/(-3).
2, 3, 47
Let x be (-3 - (-44)/8)*-2. What are the prime factors of x/25 - (-476)/5?
5, 19
Let j = 5 + 7. Let f be (30/9)/2*j. Suppose 0*d - 2*d = -f. List the prime factors of d.
2, 5
Let m be 6/(-4)*(-320)/48. Suppose -m*b + 21*b - 2354 = 0. What are the prime factors of b?
2, 107
Suppose p - 3885 = -6*p. Suppose 130 = -5*y + p. List the prime factors of y